
Let v(s) = s**2 + s - 1. Let q be v(-1). Let a = -11 + 15. Let l = a + q. What is the units digit of l?
3
Suppose 3*o = 61 + 23. Suppose 8 = 4*d - o. Let c = -1 + d. What is the units digit of c?
8
Let f = 10 + -15. Let q(m) = 3 + 3*m - 3 + 3 - 4*m. What is the units digit of q(f)?
8
Let s be 5*1/(5/2). Let u = s - 2. Suppose u = o - 2 - 2. What is the units digit of o?
4
Let z(u) = -u**3 + 9*u**2 + 12*u + 14. What is the tens digit of z(10)?
3
Suppose 3*b + s - 123 = 6*s, 0 = 5*b - s - 227. What is the units digit of b?
6
Suppose c - 42 = 3*c. Let x = c + 38. What is the units digit of x?
7
Let q(o) = -o**3 + 2*o - o - 3 + 0*o + 6*o**2. What is the units digit of q(6)?
3
Suppose -4*n = -3*h - 98, -h - 3*h = -n + 31. Let m = 4 - 2. Suppose -n = -m*p + 5*l, -p + 0*l = 3*l + 5. What is the units digit of p?
4
Suppose -6*p + 93 = -189. What is the units digit of p?
7
Let d = 167 - 97. Suppose d - 2 = 4*z. What is the tens digit of z?
1
What is the tens digit of (8 - -26)/(1/1)?
3
Suppose -3*l = -5*c + 21, -2 + 14 = 4*c. Let w = 1 + l. What is the units digit of ((-42)/6)/(0 + w)?
7
Let n = 11 + -9. Let k be 8/(-4)*1/n. What is the units digit of ((-10)/6)/(k/3)?
5
Let s = 34 + -12. What is the units digit of s?
2
Let h be 1/(-5) - (-26)/5. Suppose -h*s + 2*d + 25 = 0, 5*s - 26 = 3*d - 1. Suppose 0 = s*t - 7 - 18. What is the units digit of t?
5
Let j = 18 + -5. What is the units digit of j?
3
Suppose -3*x = -2*u - 120, 4*u - 16 + 4 = 0. What is the units digit of x?
2
Let w = 172 + -92. Suppose -3*m + w - 20 = 3*g, g = 2*m + 23. What is the units digit of g?
1
Let t(c) = c**3 + 5*c**2 + 1. Let a be (1/2)/(1/(-10)). Let y be t(a). What is the units digit of (2 - y)*(3 + -2)?
1
Suppose -2*k + 30 = 4*w, -5*k - w = -79 - 23. What is the tens digit of k?
2
Suppose 0 = -3*o + 11 - 2. Suppose 0*r = 2*r + o*g - 24, 5*r - 3*g = 60. What is the units digit of r?
2
Suppose l = -2*l + 336. What is the tens digit of l?
1
Suppose -8 = z - k, -z + 4*k - 9 = 5. Let x(c) = -c - 6. Let b be x(z). Suppose b = 4*d - 4. What is the units digit of d?
1
Let b be 0/(-3 + 5 + -5). Suppose b*x = -2*x + 2. What is the units digit of x?
1
Suppose 3*s = -5*t, 4*t - 3*t = -4*s + 17. Let f be (-4 + s)*(1 - 1). Suppose k + f = 5. What is the units digit of k?
5
Suppose 0*s + 5*s - 90 = 0. Let m be 2/3 - 282/s. What is the units digit of (-1)/3 + (-260)/m?
7
Let b = 0 + 4. Suppose 0 = -2*h + b*t - 32, 5*h - 2*t = -102 - 10. What is the units digit of (h/(-30))/((-1)/(-5))?
4
Let a(m) = 2*m - 5. Let j be a(5). Suppose j*z + 3 = 3*t + 24, 0 = 4*z - 3*t - 18. What is the units digit of z?
3
Let o = 20 + -16. Suppose 0 = -4*k - 6 - 14, o*k + 62 = t. What is the tens digit of t?
4
Suppose -3*f = -9*f + 180. What is the tens digit of f?
3
Suppose 0 = 5*m - 2*m - 12. Suppose -2*p = -m*p + 26. What is the units digit of p?
3
Let g(z) = z**3 - 5*z**2 + 5*z + 1. Let s be g(4). Suppose p - 2*p = -s. What is the units digit of p?
5
Suppose -4*d - 2*o = -2*d - 286, -4 = 4*o. What is the units digit of d?
4
Suppose 6*m - 4*m = 18. What is the units digit of m?
9
Suppose 6 = 5*h - 4. Suppose h*w = 19 - 5. What is the units digit of w?
7
Suppose 5*s = s - 88. What is the tens digit of (2 + -1)/((-2)/s)?
1
Let g = 64 + -46. What is the units digit of g?
8
Suppose 2*y - 46 - 30 = 0. Suppose -l - 13 = -y. What is the tens digit of l?
2
Let s(g) = 50*g. Let u be s(3). Suppose u = 5*j - 0*j. What is the units digit of j?
0
Let i(w) = 5*w**2 - 7*w + 9. Let m(u) = -11*u**2 + 14*u - 18. Let g(d) = 9*i(d) + 4*m(d). What is the units digit of g(7)?
9
Let r be 3 + -4 + (-5)/(-1). Suppose 5*q - r = n - 27, n + 2*q - 44 = 0. What is the units digit of n?
8
Let w(c) = c**2 - 2*c - 3. Let s be w(3). Suppose -2*l = -54 - s. What is the tens digit of l?
2
Let t = -3 - -2. Let y = t + 1. Suppose y = -a + 2. What is the units digit of a?
2
Let v(f) = f**3 - 19*f**2 - 14*f + 21. What is the units digit of v(20)?
1
Let r = -4 + 6. Suppose -2*b - 4 = r*b. What is the units digit of (-22)/(-3 - b) - 2?
9
Suppose -7*h = 5*v - 3*h - 640, 0 = -3*v - 3*h + 384. What is the units digit of v?
8
Suppose -3*h + 475 = -56. What is the tens digit of h?
7
Let w = 1 + -7. Let r(h) = -3*h - 1. What is the units digit of r(w)?
7
Suppose -3*k + 7*k - v - 95 = 0, -4*k = -3*v - 85. What is the tens digit of k?
2
Suppose -5*o = -5*g + 65, 3*o + o + 2*g + 34 = 0. Let r = -9 - o. What is the units digit of r?
1
Let a(k) = 3 + 0 - 5 - 2*k. Let t be a(-7). Suppose 0 = 2*l - g - 6, 4*l = -l + g + t. What is the units digit of l?
2
Let h(b) be the first derivative of -b**2/2 - 11*b - 2. What is the units digit of h(-14)?
3
Suppose c = 4*u + 7, -c - 3 - 4 = 3*u. What is the units digit of c*(-36 - (2 - -1))?
9
Suppose -b + 0 - 1 = 0. Let n = b + 5. What is the units digit of n?
4
Let b be 3 - (1 - 1)/3. What is the units digit of (b/6)/(3/30)?
5
Let p(z) = -z**3 - 5*z**2 + 6*z + 5. What is the units digit of p(-6)?
5
Let c(h) = h**3 + 14*h**2 + 14*h + 17. Suppose 45 = -3*k + 3*b - 0*b, 0 = -2*k - 2*b - 22. What is the units digit of c(k)?
4
What is the units digit of (1 + 3 + -3)/1 + 242?
3
Let a = 6 - 3. Suppose -3*r - 4 = -w, 0*w - 2*w = -a*r - 14. What is the tens digit of w?
1
Let x = -16 - -21. Suppose 7*h - x*h = 56. What is the tens digit of h?
2
Suppose -p + 11 + 17 = 0. Let g = -11 + p. What is the units digit of g?
7
Let o be 4*-2 + 1 + 0. Let f = 11 + o. Suppose -4*h - f = 2*r, 4*r + 0*r - 5*h - 57 = 0. What is the units digit of r?
8
Let k = 46 - 37. What is the units digit of k?
9
Suppose q - 2*q + 2 = 0. Suppose 34 = -q*z + 2. What is the tens digit of ((-18)/4)/(6/z)?
1
Let m(z) = z**2 - 3*z + 10. Let a be m(8). Suppose a = 4*g + g. What is the tens digit of g?
1
Let t(d) = 7*d - 34. What is the tens digit of t(10)?
3
Let j(a) = -a**3 - a**2 - 2*a - 1. What is the tens digit of j(-3)?
2
Suppose -v - 2*k + 24 = -3*k, 0 = 2*v + 4*k - 54. What is the units digit of v?
5
Let s(o) = -o**2 - 5*o - 4. Let d be s(-4). Suppose -5*l = q - 109, -2*l + 3*q + 21 + 26 = d. What is the units digit of l?
2
Let q = 0 + 0. Let n(g) = -g**2 - g + 30. Let o be n(q). Suppose 7*m = 2*m + o. What is the units digit of m?
6
Let d(r) = -6 + 3*r + 5*r + 18 + r**3 - 10*r**2. What is the units digit of d(9)?
3
Let o(f) = f**3 - 9*f**2 + 12*f. Let s be o(8). What is the units digit of (-12)/((108/s)/(-9))?
2
Suppose 6*k - k = -40. Let h = k + 13. What is the units digit of h?
5
Suppose -p - 12 = 4*n, -3*p - 4 = -n - 3*n. Let q be -2*p/((-24)/(-9)). Suppose -q*u + 13 = -2. What is the units digit of u?
5
Let s(q) = -4*q + 1. Suppose -4*v = v + 15. What is the units digit of s(v)?
3
Suppose -3*i + 23 = 5*d, 17 = 3*d + i + 4*i. What is the tens digit of 115/d - (-3)/12?
2
Suppose -4*o + 10 = -2. Suppose -3 + 12 = o*p. Suppose -p*d = -5 + 2. What is the units digit of d?
1
Suppose 0*z + 3*z = 0. Suppose -4*v + z*v + 8 = 0. Suppose -4*t + v*t = -8. What is the units digit of t?
4
Let t(y) = 2*y - 5. Suppose 4*z - 25 = -z. What is the units digit of t(z)?
5
Let s = 2 + 1. Suppose 0 - s = -b. What is the units digit of b?
3
Suppose -22*y + 21*y = -159. What is the units digit of y?
9
What is the units digit of (-3 - -3) + 20 + 2?
2
Let c(z) = 2*z**2 - 2*z - 1. Let n be c(2). Let h be -25*n*(-2)/(-15). Let k = h - -18. What is the units digit of k?
8
Suppose -5*d = 2*g - 12, -4*d + 24 = -d - 3*g. Suppose 0*f - 40 = -d*f. What is the tens digit of f?
1
Let l = -4 - -6. Suppose u - l*g - 2 = 0, -u - 1 = 3*g - 3. Suppose 0*t - u*y = 2*t - 20, t - 13 = -4*y. What is the units digit of t?
9
Let a(u) = u**2 + 5*u + 2. Let z be a(-6). Suppose z = -5*f - 42. Let c = 16 + f. What is the units digit of c?
6
Let z be (6/(-12))/((-2)/(-104)). Let y = z - -37. What is the tens digit of y?
1
Let k(t) = 3*t + 4. Suppose -5*u = 6 - 36. Let x be k(u). Suppose 4*s = b - x, 3*b - 5 = -2*b - s. What is the units digit of b?
2
Let k(z) = z**2 - 10*z + 5. Suppose 4*j - 11 = 13. Suppose -j = -5*g + 49. What is the tens digit of k(g)?
1
Let z(r) = -2*r - 1. Suppose a - 3 = 0, -5*x - 2*a + 4 = -12. Let s be z(x). Let n(p) = p**2 + 2*p - 1. What is the units digit of n(s)?
4
Let v be 0 - 0*3/9. Suppose 4*x + 12 = 5*b, -5*b - 4*x = -v*b - 28. Suppose 38 + 18 = b*g. What is the tens d